-u - 704. What is the tens digit of q?
7
Suppose -292*z = -10281430 + 2577594. What is the tens digit of z?
8
Suppose 2*l + 26329 = 4*i + l, -3*i + 19743 = 3*l. What is the thousands digit of i?
6
Suppose 2*p + 7 = 15. Suppose -p*n + 4*t + 285 = -t, 5*t = -4*n + 235. What is the units digit of (3 - n)*7/(-14)?
1
Suppose -4*d + 13 = 4*k + 1, -4*d - 42 = -5*k. Suppose 2*n - k*y + 9*y - 1754 = 0, -4*n + 5*y + 3464 = 0. What is the units digit of n?
1
Let o(k) be the second derivative of -7*k**3/6 + 3*k**2/2 + 10*k. Let q be o(-4). Let g = 3 + q. What is the tens digit of g?
3
Suppose 7*r - 2*r - 255 = 0. Suppose -c + r + 7 = j, 250 = 5*c - 3*j. What is the units digit of c?
3
Let b be 55/4 + (-1)/16*-4. Let d be b/35*1 + (-253)/(-5). Suppose d*f - 50*f = 135. What is the tens digit of f?
3
Suppose 4*v - 660 = -2*q - 90, -5*v = 4*q - 1149. Suppose 2*k = -k + q. Let c = k + 2. What is the units digit of c?
9
Suppose 3*k - 6*k = 105. Let w = 344 - 192. Let r = k + w. What is the units digit of r?
7
Let t = 9785 - 734. What is the units digit of t?
1
Suppose 4*i - 540 = -w + 4277, -5*w - 15 = 0. What is the tens digit of i?
0
Suppose -49*w - 3*w + 359859 = 46767. What is the hundreds digit of w?
0
Suppose -6*h = -4*h - 20. Let l be 160/12*204/h. Let r = 499 - l. What is the hundreds digit of r?
2
Suppose 10*k + 0*k - 3530 = 0. Suppose -f - 18 = -k. What is the tens digit of f?
3
Suppose 84 = -19*s + 5*s. Let x(r) = -62*r + 145. What is the hundreds digit of x(s)?
5
Let z be 1 - (-2)/(-9 - -7). Suppose z*w - 4449 = -5*w + b, -5*b - 2687 = -3*w. What is the hundreds digit of w?
8
Suppose -8*h + 9488 = -11728. What is the units digit of h?
2
Let b(l) = -4*l**2 - 910*l + 783. What is the units digit of b(-78)?
7
Let l(p) = p**3 + 16*p**2 + 14*p + 7. Let w = -158 + 150. What is the tens digit of l(w)?
0
Let s(a) = -43*a**3 - 10*a**2 + 54*a + 475. What is the tens digit of s(-8)?
1
Suppose 7*r - 19*r = -5064. Let h = r - 133. What is the tens digit of h?
8
Suppose 2*c - 2*b + 196 = 0, -19*c + 18*c - 90 = 3*b. What is the hundreds digit of (-1647)/(-36)*c/(-18)?
2
Let t be (1504/6)/(16/264). Suppose -6*o - t = -10*o. What is the tens digit of o?
3
What is the units digit of (665460/225)/(6/105)?
8
Let k = 1 - -1. Suppose -3*l = 15, -4*l = 4*i - k*l - 22. Suppose i*n = 4*n + 216. What is the units digit of n?
4
Let g be 2*(1 + -3) - 4. What is the tens digit of (398/g)/((-77)/(-28) - 3)?
9
Let t be ((-45)/(-18))/(20/16). Suppose f = 5*n - 1715, -t*n + 2*f - 3*f + 679 = 0. What is the units digit of n?
2
Let w be ((2 - 2) + -1)/(2/(-8)). Suppose -3*i + 12 = 4*p, -i - 12 = -4*p + w*i. Suppose 0*n - 12 = -p*n. What is the units digit of n?
4
Let w(h) = 10*h**2 + 92*h - 12. What is the units digit of w(5)?
8
Let t = -145 + 340. Let u = t - -67. What is the hundreds digit of u?
2
Let c(b) = -b**2 + 7*b + 1. Let k be c(3). Let o be (-1 - 30)/(1 + -1 + 7 - 8). Let m = o + k. What is the units digit of m?
4
Let v(k) = -4*k - 8. Let l be v(0). Let u be (2 + 8)/(l + 10). Suppose -5*y + 250 = -4*w + w, -3*y - u*w + 116 = 0. What is the tens digit of y?
4
What is the ten thousands digit of (-5)/(256842/(-15108) - -17)?
1
Let o(g) = -g**2 - 24*g - 63. Suppose -4*r + 40 = -5*v, 2*v + 10 = r - 9. What is the tens digit of o(v)?
8
Suppose 36*f + 10*f = 879060. Suppose 42*i = 57*i - f. What is the units digit of i?
4
Let w be (6/8)/((-1)/(-32)). Let x = w + -10. Let y = x - -3. What is the units digit of y?
7
Let g = -278 - -548. Suppose 2*p + u - 666 = 0, -74 = -p + 5*u + g. Suppose 44 = 6*o - p. What is the units digit of o?
3
What is the thousands digit of (-2 - 6/(-18)) + (-8735)/(-3)?
2
Let x = -267 - -1298. What is the tens digit of x?
3
Let d = 42855 - 5036. What is the thousands digit of d?
7
Let g be (7 + (-1 - 1))*(-56)/35. Let i be (-552)/6 + g/(-2). Let r = 185 + i. What is the units digit of r?
7
Let v(j) = -j**3 - 9*j**2 + 26*j - 36. Let b be v(-12). Suppose -80*w + b*w - 1236 = 0. What is the hundreds digit of w?
3
Let v(q) = 2*q**2 + 14*q - 42. Let n be (-1)/(-4) - 3003/156. What is the units digit of v(n)?
4
What is the hundreds digit of (226 + 1)/((-8 - (-5943)/371) + -8)?
0
Suppose -494*d - 54 = -493*d. What is the thousands digit of (-11397)/(-6) - d/(-36)?
1
Let v(g) = -g**2 - 4*g + 37. Let r be v(4). Suppose -3*x - r*s - 338 = -1581, x = 4*s + 386. What is the tens digit of x?
0
Let m(o) = 2*o**2 - 60*o + 161. What is the thousands digit of m(79)?
7
Let m be -1860*(-3 - (0 + -1)). Suppose 1866 = 2*q + 5*b, 4*q + 2*b = -2*b + m. What is the units digit of q?
8
Let w(c) = 37*c**2 - 10*c - 228. What is the units digit of w(-14)?
4
What is the hundreds digit of 2/2 - (-5159 + 233)?
9
Let h(f) = f**2 - 17*f + 8. Let s be h(14). Let q = 51 + s. Suppose 23*w - 654 = q*w. What is the units digit of w?
9
What is the thousands digit of 935081/42 - (-17)/102?
2
Suppose -8*q + 0*q + 1520 = 0. Suppose 2*y + q = 1108. What is the units digit of y?
9
Let p = -8372 + 9978. What is the hundreds digit of p?
6
Let f = 41 - 2. Let x = f - 48. What is the tens digit of (-3)/((-18)/(-4)) - 807/x?
8
Let y(k) = 6*k**2 + 4*k - 4. Let r(l) be the first derivative of l**4/4 + 2*l**3/3 - 3*l**2/2 - 3*l + 15. Let v be r(-2). What is the units digit of y(v)?
2
Suppose 4*k = 4*s + 54588, -12 = 15*s - 12*s. What is the units digit of k?
3
Suppose 3*k + 2*t = -26, -k - t = 3*k + 28. Let f(i) = 7*i**2 + 28*i - 4. What is the units digit of f(k)?
0
Let u = -335 - -612. Let p = -121 + u. What is the tens digit of p?
5
What is the ten thousands digit of -4 + 0 + (-117897)/(-6 - -3)?
3
Let n be (0 + -8)*(-6)/8. Suppose -5*u = p - n*p - 2590, 20 = 4*p. What is the tens digit of u?
2
Suppose 4*g - 16015 + 4899 = -q, -44539 = -4*q - g. What is the ten thousands digit of q?
1
Let w be (-8)/(-5) + 15/(-25). What is the units digit of -2 + w*(-8)/12*-354?
4
Let d = -129 + 134. Suppose -96 = -d*n + 1909. What is the hundreds digit of n?
4
Let s(o) = -73 + o**3 + 5*o**2 + 8*o**2 + 33*o - 4*o**2 + 12*o**2 - o**2. What is the hundreds digit of s(-16)?
4
Let z(v) = -v**3 - 6*v**2 - 4*v + 24. Let m be z(-4). What is the hundreds digit of m/(-6)*(16 + -19) + 598?
6
Suppose 731056 = -11593*i + 11609*i. What is the ten thousands digit of i?
4
Suppose j + 692 = 972. What is the hundreds digit of j?
2
Let j = 13262 - 2789. What is the thousands digit of j?
0
Suppose -44120 = -6*c - 4790. What is the hundreds digit of c?
5
Suppose -118971 = 2*y + j - 580295, -922646 = -4*y - j. What is the units digit of y/189 + 2/((-28)/6)?
0
Let p(a) = 5*a**2 + 93*a + 65. Let b(d) = 2*d**2 + d - 1. Let w(t) = 4*b(t) - p(t). What is the tens digit of w(37)?
4
Suppose 63 = -9*r - 0. What is the units digit of (1/(-5))/(r/((-54495)/(-9)))?
3
Let y = -440 - -442. What is the hundreds digit of ((-111)/15)/(y/(-190))?
7
Let f be (-6 - -5)/((-3)/(-3)). Let y(c) = -574*c**3 - 3*c**2 - c - 1. What is the tens digit of y(f)?
7
Let c(w) be the third derivative of -1/24*w**4 + w**3 + 0 + 0*w - 2*w**2. What is the units digit of c(-11)?
7
What is the hundreds digit of (0 - 0) + (-40)/(1040/(-227058))?
7
Suppose 54*x - 65*x = -176. Suppose -x*j - 9625 = -23*j. What is the thousands digit of j?
1
Let q be (-8)/(-24) + 66403/(-3). What is the tens digit of q/(-49) - 6/(-21)?
5
Suppose 38*z + z - 853580 = 4*z. What is the hundreds digit of z?
3
Let m(y) = -421*y + 529. What is the units digit of m(-6)?
5
Let u = -14215 - -32495. What is the ten thousands digit of u?
1
Suppose 4*d + 5*o - 708 = 0, o = -4*d + d + 520. Suppose -320 - d = -3*m. Let x = m + -82. What is the tens digit of x?
8
Let b be (20/(-30))/(1/(-6)). Let u be -5*((-24)/(-20))/(-3). Suppose -58 = -2*w + b*s - 2*s, u*s = -3*w + 77. What is the tens digit of w?
2
Let n = 125 - 123. Suppose -3*c - n*d = -1258, -3*d + 847 = -c + 3*c. What is the units digit of c?
6
Let w(r) = r**3 - r**2 - 7*r. Let x be 2 - (-2 + 1)*-1*-1. Let f be w(x). What is the hundreds digit of f/(9/129)*-3?
1
Let q(p) = p**2 + 8*p - 4. Suppose 0 = -2*v - 18 + 10. Let d be q(v). What is the tens digit of 1*((-832)/d - (-2)/5)?
4
Let z = 60 - 53. Suppose -z*t = -22*t + 735. What is the units digit of t?
9
Let h = -18894 + 34380. What is the units digit of h?
6
Let v(f) = 461*f + 5*f**2 + 3 - 448*f - 4